{"id":55,"date":"2025-09-06T08:10:40","date_gmt":"2025-09-06T08:10:40","guid":{"rendered":"https:\/\/www.cowave.it\/?page_id=55"},"modified":"2025-10-09T10:12:41","modified_gmt":"2025-10-09T10:12:41","slug":"contatti","status":"publish","type":"page","link":"https:\/\/www.cowave.it\/index.php\/contatti\/","title":{"rendered":"Contatti"},"content":{"rendered":"\t\t<div data-elementor-type=\"wp-post\" data-elementor-id=\"55\" class=\"elementor elementor-55\">\n\t\t\t\t<div class=\"elementor-element elementor-element-364b392 e-flex e-con-boxed e-con e-parent\" data-id=\"364b392\" data-element_type=\"container\" data-e-type=\"container\">\n\t\t\t\t\t<div class=\"e-con-inner\">\n\t\t\t\t<div class=\"elementor-element elementor-element-e8751d5 elementor-widget elementor-widget-spacer\" data-id=\"e8751d5\" data-element_type=\"widget\" data-e-type=\"widget\" data-widget_type=\"spacer.default\">\n\t\t\t\t\t\t\t<div class=\"elementor-spacer\">\n\t\t\t<div class=\"elementor-spacer-inner\"><\/div>\n\t\t<\/div>\n\t\t\t\t\t\t<\/div>\n\t\t\t\t<div class=\"elementor-element elementor-element-f99bae7 elementor-widget elementor-widget-heading\" data-id=\"f99bae7\" data-element_type=\"widget\" data-e-type=\"widget\" data-widget_type=\"heading.default\">\n\t\t\t\t\t<h2 class=\"elementor-heading-title elementor-size-default\">SIAMO A BRESCIA<\/h2>\t\t\t\t<\/div>\n\t\t\t\t<div class=\"elementor-element elementor-element-608ef81 elementor-widget elementor-widget-text-editor\" data-id=\"608ef81\" data-element_type=\"widget\" data-e-type=\"widget\" data-widget_type=\"text-editor.default\">\n\t\t\t\t\t\t\t\t\t<p data-start=\"172\" data-end=\"533\"><strong data-start=\"172\" data-end=\"270\">Cowave si trova nel cuore pulsante di Brescia, nel quartiere operativo e business della citt\u00e0.<\/strong><\/p><p data-start=\"172\" data-end=\"533\"><b><br data-start=\"270\" data-end=\"273\" \/><\/b>Una posizione strategica, comoda e facilmente raggiungibile con ogni mezzo: in auto grazie alla vicinanza con la tangenziale e la disponibilit\u00e0 di parcheggi immediati, in metropolitana o autobus con fermate a pochi passi, ma anche a piedi dal centro storico.<\/p><p data-start=\"535\" data-end=\"882\">Intorno a Cowave trovi tutto ci\u00f2 che serve per lavorare al meglio e vivere la giornata senza pensieri: uffici e servizi, la posta, supermercati, bar e ristoranti per la pausa pranzo o gli incontri informali. \u00c8 un luogo che unisce funzionalit\u00e0 e vivacit\u00e0 urbana, dove la praticit\u00e0 degli spostamenti incontra la vitalit\u00e0 di una community dinamica.<\/p><p data-start=\"884\" data-end=\"1019\">Cowave \u00e8 il punto d\u2019incontro ideale per chi cerca un coworking moderno, ben collegato e immerso nel tessuto professionale di Brescia.<\/p>\t\t\t\t\t\t\t\t<\/div>\n\t\t\t\t<div class=\"elementor-element elementor-element-c981c1a elementor-widget elementor-widget-heading\" data-id=\"c981c1a\" data-element_type=\"widget\" data-e-type=\"widget\" data-widget_type=\"heading.default\">\n\t\t\t\t\t<h2 class=\"elementor-heading-title elementor-size-default\"><br>Vuoi scoprire di pi\u00f9 su Cowave o prenotare uno spazio?<br>\n\n\nSiamo a tua disposizione.<\/h2>\t\t\t\t<\/div>\n\t\t\t\t<div class=\"elementor-element elementor-element-c9ffe97 elementor-widget elementor-widget-text-editor\" data-id=\"c9ffe97\" data-element_type=\"widget\" data-e-type=\"widget\" data-widget_type=\"text-editor.default\">\n\t\t\t\t\t\t\t\t\t<p data-start=\"561\" data-end=\"633\"><strong data-start=\"564\" data-end=\"577\">Indirizzo<\/strong>: Via Cipro 66, 25124 Brescia<\/p><p data-start=\"636\" data-end=\"666\"><strong data-start=\"639\" data-end=\"648\">Email<\/strong>: <a class=\"decorated-link cursor-pointer\" rel=\"noopener\" data-start=\"650\" data-end=\"664\">info@cowave.it<\/a><\/p>\t\t\t\t\t\t\t\t<\/div>\n\t\t\t\t<div class=\"elementor-element elementor-element-9c7add0 elementor-widget elementor-widget-button\" data-id=\"9c7add0\" data-element_type=\"widget\" data-e-type=\"widget\" data-widget_type=\"button.default\">\n\t\t\t\t\t\t\t\t\t\t<a class=\"elementor-button elementor-button-link elementor-size-sm\" href=\"https:\/\/forms.gle\/3bPjsKyiJJvn76mu7\" target=\"_blank\">\n\t\t\t\t\t\t<span class=\"elementor-button-content-wrapper\">\n\t\t\t\t\t\t\t\t\t<span class=\"elementor-button-text\">Richiedi informazioni<\/span>\n\t\t\t\t\t<\/span>\n\t\t\t\t\t<\/a>\n\t\t\t\t\t\t\t\t<\/div>\n\t\t\t\t<div class=\"elementor-element elementor-element-ca92bce elementor-widget elementor-widget-text-editor\" data-id=\"ca92bce\" data-element_type=\"widget\" data-e-type=\"widget\" data-widget_type=\"text-editor.default\">\n\t\t\t\t\t\t\t\t\t<iframe src=\"https:\/\/www.google.com\/maps\/embed?pb=!1m18!1m12!1m3!1d9582.115411037108!2d10.206805349493122!3d45.52648319240496!2m3!1f0!2f0!3f0!3m2!1i1024!2i768!4f13.1!3m3!1m2!1s0x478176766e3f5875%3A0x1b8ee173b4c6084!2sVia%20Cipro%2C%2066%2C%2025124%20Brescia%20BS!5e0!3m2!1sit!2sit!4v1758263509248!5m2!1sit!2sit\" width=\"600\" height=\"450\" style=\"border:0;\" allowfullscreen=\"\" loading=\"lazy\" referrerpolicy=\"no-referrer-when-downgrade\"><\/iframe>\t\t\t\t\t\t\t\t<\/div>\n\t\t\t\t\t<\/div>\n\t\t\t\t<\/div>\n\t\t<div class=\"elementor-element elementor-element-5c8fec82 e-flex e-con-boxed e-con e-parent\" data-id=\"5c8fec82\" data-element_type=\"container\" data-e-type=\"container\" data-settings=\"{&quot;background_background&quot;:&quot;classic&quot;}\">\n\t\t\t\t\t<div class=\"e-con-inner\">\n\t\t<div class=\"elementor-element elementor-element-6c86546f e-con-full e-flex e-con e-child\" data-id=\"6c86546f\" data-element_type=\"container\" data-e-type=\"container\">\n\t\t\t\t<div class=\"elementor-element elementor-element-65aa408d elementor-widget__width-initial elementor-widget elementor-widget-text-editor\" data-id=\"65aa408d\" data-element_type=\"widget\" data-e-type=\"widget\" data-widget_type=\"text-editor.default\">\n\t\t\t\t\t\t\t\t\t<p><a href=\"https:\/\/www.cowave.it\">Homepage<\/a><\/p><p><a href=\"https:\/\/www.cowave.it\/index.php\/spazi\/\">Spazi Cowave<\/a><\/p><p><a href=\"https:\/\/www.cowave.it\/index.php\/gallery\/\">Gallery<\/a><\/p><p><a href=\"https:\/\/www.cowave.it\/index.php\/area-riservata\/\">Area Riservata<\/a><\/p><p><a href=\"https:\/\/www.cowave.it\/index.php\/contatti\/\">Contatti<\/a><\/p>\t\t\t\t\t\t\t\t<\/div>\n\t\t\t\t<\/div>\n\t\t<div class=\"elementor-element elementor-element-7ba0c695 e-con-full e-flex e-con e-child\" data-id=\"7ba0c695\" data-element_type=\"container\" data-e-type=\"container\">\n\t\t\t\t<div class=\"elementor-element elementor-element-23cd5d28 elementor-widget elementor-widget-image\" data-id=\"23cd5d28\" data-element_type=\"widget\" data-e-type=\"widget\" data-widget_type=\"image.default\">\n\t\t\t\t\t\t\t\t\t\t\t\t\t\t\t<img fetchpriority=\"high\" decoding=\"async\" width=\"800\" height=\"270\" src=\"https:\/\/www.cowave.it\/wp-content\/uploads\/2025\/08\/Logo-CoWave-BIANCO-E-AZZURRO-scaled-e1757574351831-1024x346.png\" class=\"attachment-large size-large wp-image-251\" alt=\"\" srcset=\"https:\/\/www.cowave.it\/wp-content\/uploads\/2025\/08\/Logo-CoWave-BIANCO-E-AZZURRO-scaled-e1757574351831-1024x346.png 1024w, https:\/\/www.cowave.it\/wp-content\/uploads\/2025\/08\/Logo-CoWave-BIANCO-E-AZZURRO-scaled-e1757574351831-300x101.png 300w, https:\/\/www.cowave.it\/wp-content\/uploads\/2025\/08\/Logo-CoWave-BIANCO-E-AZZURRO-scaled-e1757574351831-768x260.png 768w, https:\/\/www.cowave.it\/wp-content\/uploads\/2025\/08\/Logo-CoWave-BIANCO-E-AZZURRO-scaled-e1757574351831-1536x520.png 1536w, https:\/\/www.cowave.it\/wp-content\/uploads\/2025\/08\/Logo-CoWave-BIANCO-E-AZZURRO-scaled-e1757574351831-2048x693.png 2048w\" sizes=\"(max-width: 800px) 100vw, 800px\" \/>\t\t\t\t\t\t\t\t\t\t\t\t\t\t\t<\/div>\n\t\t\t\t<\/div>\n\t\t<div class=\"elementor-element elementor-element-37af905c e-con-full e-flex e-con e-child\" data-id=\"37af905c\" data-element_type=\"container\" data-e-type=\"container\">\n\t\t\t\t<div class=\"elementor-element elementor-element-4dde58f1 elementor-view-default elementor-widget elementor-widget-icon\" data-id=\"4dde58f1\" data-element_type=\"widget\" data-e-type=\"widget\" data-widget_type=\"icon.default\">\n\t\t\t\t\t\t\t<div class=\"elementor-icon-wrapper\">\n\t\t\t<a class=\"elementor-icon\" href=\"https:\/\/www.linkedin.com\/company\/cowave-space\/?viewAsMember=true\">\n\t\t\t<svg aria-hidden=\"true\" class=\"e-font-icon-svg e-fab-linkedin-in\" viewBox=\"0 0 448 512\" xmlns=\"http:\/\/www.w3.org\/2000\/svg\"><path d=\"M100.28 448H7.4V148.9h92.88zM53.79 108.1C24.09 108.1 0 83.5 0 53.8a53.79 53.79 0 0 1 107.58 0c0 29.7-24.1 54.3-53.79 54.3zM447.9 448h-92.68V302.4c0-34.7-.7-79.2-48.29-79.2-48.29 0-55.69 37.7-55.69 76.7V448h-92.78V148.9h89.08v40.8h1.3c12.4-23.5 42.69-48.3 87.88-48.3 94 0 111.28 61.9 111.28 142.3V448z\"><\/path><\/svg>\t\t\t<\/a>\n\t\t<\/div>\n\t\t\t\t\t\t<\/div>\n\t\t\t\t<div class=\"elementor-element elementor-element-1e02d4ef elementor-view-default elementor-widget elementor-widget-icon\" data-id=\"1e02d4ef\" data-element_type=\"widget\" data-e-type=\"widget\" data-widget_type=\"icon.default\">\n\t\t\t\t\t\t\t<div class=\"elementor-icon-wrapper\">\n\t\t\t<div class=\"elementor-icon\">\n\t\t\t<svg aria-hidden=\"true\" class=\"e-font-icon-svg e-fab-instagram\" viewBox=\"0 0 448 512\" xmlns=\"http:\/\/www.w3.org\/2000\/svg\"><path d=\"M224.1 141c-63.6 0-114.9 51.3-114.9 114.9s51.3 114.9 114.9 114.9S339 319.5 339 255.9 287.7 141 224.1 141zm0 189.6c-41.1 0-74.7-33.5-74.7-74.7s33.5-74.7 74.7-74.7 74.7 33.5 74.7 74.7-33.6 74.7-74.7 74.7zm146.4-194.3c0 14.9-12 26.8-26.8 26.8-14.9 0-26.8-12-26.8-26.8s12-26.8 26.8-26.8 26.8 12 26.8 26.8zm76.1 27.2c-1.7-35.9-9.9-67.7-36.2-93.9-26.2-26.2-58-34.4-93.9-36.2-37-2.1-147.9-2.1-184.9 0-35.8 1.7-67.6 9.9-93.9 36.1s-34.4 58-36.2 93.9c-2.1 37-2.1 147.9 0 184.9 1.7 35.9 9.9 67.7 36.2 93.9s58 34.4 93.9 36.2c37 2.1 147.9 2.1 184.9 0 35.9-1.7 67.7-9.9 93.9-36.2 26.2-26.2 34.4-58 36.2-93.9 2.1-37 2.1-147.8 0-184.8zM398.8 388c-7.8 19.6-22.9 34.7-42.6 42.6-29.5 11.7-99.5 9-132.1 9s-102.7 2.6-132.1-9c-19.6-7.8-34.7-22.9-42.6-42.6-11.7-29.5-9-99.5-9-132.1s-2.6-102.7 9-132.1c7.8-19.6 22.9-34.7 42.6-42.6 29.5-11.7 99.5-9 132.1-9s102.7-2.6 132.1 9c19.6 7.8 34.7 22.9 42.6 42.6 11.7 29.5 9 99.5 9 132.1s2.7 102.7-9 132.1z\"><\/path><\/svg>\t\t\t<\/div>\n\t\t<\/div>\n\t\t\t\t\t\t<\/div>\n\t\t\t\t<div class=\"elementor-element elementor-element-2ed6a47f elementor-view-default elementor-widget elementor-widget-icon\" data-id=\"2ed6a47f\" data-element_type=\"widget\" data-e-type=\"widget\" data-widget_type=\"icon.default\">\n\t\t\t\t\t\t\t<div class=\"elementor-icon-wrapper\">\n\t\t\t<a class=\"elementor-icon\" href=\"https:\/\/www.facebook.com\/profile.php?id=61581615081761\">\n\t\t\t<svg aria-hidden=\"true\" class=\"e-font-icon-svg e-fab-facebook\" viewBox=\"0 0 512 512\" xmlns=\"http:\/\/www.w3.org\/2000\/svg\"><path d=\"M504 256C504 119 393 8 256 8S8 119 8 256c0 123.78 90.69 226.38 209.25 245V327.69h-63V256h63v-54.64c0-62.15 37-96.48 93.67-96.48 27.14 0 55.52 4.84 55.52 4.84v61h-31.28c-30.8 0-40.41 19.12-40.41 38.73V256h68.78l-11 71.69h-57.78V501C413.31 482.38 504 379.78 504 256z\"><\/path><\/svg>\t\t\t<\/a>\n\t\t<\/div>\n\t\t\t\t\t\t<\/div>\n\t\t\t\t<\/div>\n\t\t\t\t\t<\/div>\n\t\t\t\t<\/div>\n\t\t<div class=\"elementor-element elementor-element-2528a710 e-flex e-con-boxed e-con e-parent\" data-id=\"2528a710\" data-element_type=\"container\" data-e-type=\"container\">\n\t\t\t\t\t<div class=\"e-con-inner\">\n\t\t\t\t<div class=\"elementor-element elementor-element-78d14190 elementor-widget__width-initial elementor-widget elementor-widget-text-editor\" data-id=\"78d14190\" data-element_type=\"widget\" data-e-type=\"widget\" data-widget_type=\"text-editor.default\">\n\t\t\t\t\t\t\t\t\t<p><i><span style=\"font-weight: 300;\">A:Via Cipro 66, 25124 Brescia, Italy\u00a0 \u00a0 \u00a0 \u00a0E: <\/span><\/i><i><span style=\"font-weight: 300;\">i<\/span><\/i><i><span style=\"font-weight: 300;\">nfo@cowave.it<\/span><\/i><i><span style=\"font-weight: 300;\">\u00a0 \u00a0 \u00a0 \u00a0 \u00a0 \u00a0 \u00a0 P.IVA: 0766770967<\/span><\/i><\/p><p><span style=\"font-size: 11pt; font-family: 'Roboto Mono',monospace; color: #188038; background-color: transparent; font-weight: 200; font-style: italic; font-variant: normal; text-decoration: none; vertical-align: baseline; white-space: pre-wrap;\">\u00a9 2025 Cowave \u2013 Tutti i diritti riservati | Privacy Policy | Cookie Policy<\/span><\/p>\t\t\t\t\t\t\t\t<\/div>\n\t\t\t\t\t<\/div>\n\t\t\t\t<\/div>\n\t\t\t\t<\/div>\n\t\t","protected":false},"excerpt":{"rendered":"<p>SIAMO A BRESCIA Cowave si trova nel cuore pulsante di Brescia, nel quartiere operativo e business della citt\u00e0. Una posizione strategica, comoda e facilmente raggiungibile con ogni mezzo: in auto grazie alla vicinanza con la tangenziale e la disponibilit\u00e0 di parcheggi immediati, in metropolitana o autobus con fermate a pochi passi, ma anche a piedi [&hellip;]<\/p>\n","protected":false},"author":3,"featured_media":0,"parent":0,"menu_order":0,"comment_status":"closed","ping_status":"closed","template":"","meta":{"footnotes":""},"class_list":["post-55","page","type-page","status-publish","hentry"],"yoast_head":"<!-- This site is optimized with the Yoast SEO plugin v27.2 - https:\/\/yoast.com\/product\/yoast-seo-wordpress\/ -->\n<title>Contatti - Cowave Space<\/title>\n<meta name=\"robots\" content=\"index, follow, max-snippet:-1, max-image-preview:large, max-video-preview:-1\" \/>\n<link rel=\"canonical\" href=\"https:\/\/www.cowave.it\/index.php\/contatti\/\" \/>\n<meta property=\"og:locale\" content=\"it_IT\" \/>\n<meta property=\"og:type\" content=\"article\" \/>\n<meta property=\"og:title\" content=\"Contatti - Cowave Space\" \/>\n<meta property=\"og:description\" content=\"SIAMO A BRESCIA Cowave si trova nel cuore pulsante di Brescia, nel quartiere operativo e business della citt\u00e0. Una posizione strategica, comoda e facilmente raggiungibile con ogni mezzo: in auto grazie alla vicinanza con la tangenziale e la disponibilit\u00e0 di parcheggi immediati, in metropolitana o autobus con fermate a pochi passi, ma anche a piedi [&hellip;]\" \/>\n<meta property=\"og:url\" content=\"https:\/\/www.cowave.it\/index.php\/contatti\/\" \/>\n<meta property=\"og:site_name\" content=\"Cowave Space\" \/>\n<meta property=\"article:modified_time\" content=\"2025-10-09T10:12:41+00:00\" \/>\n<meta property=\"og:image\" content=\"https:\/\/www.cowave.it\/wp-content\/uploads\/2025\/08\/Logo-CoWave-BIANCO-E-AZZURRO-scaled-e1757574351831.png\" \/>\n\t<meta property=\"og:image:width\" content=\"2560\" \/>\n\t<meta property=\"og:image:height\" content=\"866\" \/>\n\t<meta property=\"og:image:type\" content=\"image\/png\" \/>\n<meta name=\"twitter:card\" content=\"summary_large_image\" \/>\n<meta name=\"twitter:label1\" content=\"Tempo di lettura stimato\" \/>\n\t<meta name=\"twitter:data1\" content=\"2 minuti\" \/>\n<script type=\"application\/ld+json\" class=\"yoast-schema-graph\">{\"@context\":\"https:\/\/schema.org\",\"@graph\":[{\"@type\":\"WebPage\",\"@id\":\"https:\/\/www.cowave.it\/index.php\/contatti\/\",\"url\":\"https:\/\/www.cowave.it\/index.php\/contatti\/\",\"name\":\"Contatti - Cowave Space\",\"isPartOf\":{\"@id\":\"https:\/\/www.cowave.it\/#website\"},\"primaryImageOfPage\":{\"@id\":\"https:\/\/www.cowave.it\/index.php\/contatti\/#primaryimage\"},\"image\":{\"@id\":\"https:\/\/www.cowave.it\/index.php\/contatti\/#primaryimage\"},\"thumbnailUrl\":\"https:\/\/www.cowave.it\/wp-content\/uploads\/2025\/08\/Logo-CoWave-BIANCO-E-AZZURRO-scaled-e1757574351831-1024x346.png\",\"datePublished\":\"2025-09-06T08:10:40+00:00\",\"dateModified\":\"2025-10-09T10:12:41+00:00\",\"breadcrumb\":{\"@id\":\"https:\/\/www.cowave.it\/index.php\/contatti\/#breadcrumb\"},\"inLanguage\":\"it-IT\",\"potentialAction\":[{\"@type\":\"ReadAction\",\"target\":[\"https:\/\/www.cowave.it\/index.php\/contatti\/\"]}]},{\"@type\":\"ImageObject\",\"inLanguage\":\"it-IT\",\"@id\":\"https:\/\/www.cowave.it\/index.php\/contatti\/#primaryimage\",\"url\":\"https:\/\/www.cowave.it\/wp-content\/uploads\/2025\/08\/Logo-CoWave-BIANCO-E-AZZURRO-scaled-e1757574351831.png\",\"contentUrl\":\"https:\/\/www.cowave.it\/wp-content\/uploads\/2025\/08\/Logo-CoWave-BIANCO-E-AZZURRO-scaled-e1757574351831.png\",\"width\":2560,\"height\":866},{\"@type\":\"BreadcrumbList\",\"@id\":\"https:\/\/www.cowave.it\/index.php\/contatti\/#breadcrumb\",\"itemListElement\":[{\"@type\":\"ListItem\",\"position\":1,\"name\":\"Home\",\"item\":\"https:\/\/www.cowave.it\/\"},{\"@type\":\"ListItem\",\"position\":2,\"name\":\"Contatti\"}]},{\"@type\":\"WebSite\",\"@id\":\"https:\/\/www.cowave.it\/#website\",\"url\":\"https:\/\/www.cowave.it\/\",\"name\":\"Cowave Space\",\"description\":\"space, energy &amp; ideas\",\"publisher\":{\"@id\":\"https:\/\/www.cowave.it\/#organization\"},\"potentialAction\":[{\"@type\":\"SearchAction\",\"target\":{\"@type\":\"EntryPoint\",\"urlTemplate\":\"https:\/\/www.cowave.it\/?s={search_term_string}\"},\"query-input\":{\"@type\":\"PropertyValueSpecification\",\"valueRequired\":true,\"valueName\":\"search_term_string\"}}],\"inLanguage\":\"it-IT\"},{\"@type\":\"Organization\",\"@id\":\"https:\/\/www.cowave.it\/#organization\",\"name\":\"Cowave Space\",\"url\":\"https:\/\/www.cowave.it\/\",\"logo\":{\"@type\":\"ImageObject\",\"inLanguage\":\"it-IT\",\"@id\":\"https:\/\/www.cowave.it\/#\/schema\/logo\/image\/\",\"url\":\"https:\/\/www.cowave.it\/wp-content\/uploads\/2025\/08\/Logo-CoWave-BIANCO-E-AZZURRO-scaled-e1757574351831.png\",\"contentUrl\":\"https:\/\/www.cowave.it\/wp-content\/uploads\/2025\/08\/Logo-CoWave-BIANCO-E-AZZURRO-scaled-e1757574351831.png\",\"width\":2560,\"height\":866,\"caption\":\"Cowave Space\"},\"image\":{\"@id\":\"https:\/\/www.cowave.it\/#\/schema\/logo\/image\/\"}}]}<\/script>\n<!-- \/ Yoast SEO plugin. -->","yoast_head_json":{"title":"Contatti - Cowave Space","robots":{"index":"index","follow":"follow","max-snippet":"max-snippet:-1","max-image-preview":"max-image-preview:large","max-video-preview":"max-video-preview:-1"},"canonical":"https:\/\/www.cowave.it\/index.php\/contatti\/","og_locale":"it_IT","og_type":"article","og_title":"Contatti - Cowave Space","og_description":"SIAMO A BRESCIA Cowave si trova nel cuore pulsante di Brescia, nel quartiere operativo e business della citt\u00e0. Una posizione strategica, comoda e facilmente raggiungibile con ogni mezzo: in auto grazie alla vicinanza con la tangenziale e la disponibilit\u00e0 di parcheggi immediati, in metropolitana o autobus con fermate a pochi passi, ma anche a piedi [&hellip;]","og_url":"https:\/\/www.cowave.it\/index.php\/contatti\/","og_site_name":"Cowave Space","article_modified_time":"2025-10-09T10:12:41+00:00","og_image":[{"width":2560,"height":866,"url":"https:\/\/www.cowave.it\/wp-content\/uploads\/2025\/08\/Logo-CoWave-BIANCO-E-AZZURRO-scaled-e1757574351831.png","type":"image\/png"}],"twitter_card":"summary_large_image","twitter_misc":{"Tempo di lettura stimato":"2 minuti"},"schema":{"@context":"https:\/\/schema.org","@graph":[{"@type":"WebPage","@id":"https:\/\/www.cowave.it\/index.php\/contatti\/","url":"https:\/\/www.cowave.it\/index.php\/contatti\/","name":"Contatti - Cowave Space","isPartOf":{"@id":"https:\/\/www.cowave.it\/#website"},"primaryImageOfPage":{"@id":"https:\/\/www.cowave.it\/index.php\/contatti\/#primaryimage"},"image":{"@id":"https:\/\/www.cowave.it\/index.php\/contatti\/#primaryimage"},"thumbnailUrl":"https:\/\/www.cowave.it\/wp-content\/uploads\/2025\/08\/Logo-CoWave-BIANCO-E-AZZURRO-scaled-e1757574351831-1024x346.png","datePublished":"2025-09-06T08:10:40+00:00","dateModified":"2025-10-09T10:12:41+00:00","breadcrumb":{"@id":"https:\/\/www.cowave.it\/index.php\/contatti\/#breadcrumb"},"inLanguage":"it-IT","potentialAction":[{"@type":"ReadAction","target":["https:\/\/www.cowave.it\/index.php\/contatti\/"]}]},{"@type":"ImageObject","inLanguage":"it-IT","@id":"https:\/\/www.cowave.it\/index.php\/contatti\/#primaryimage","url":"https:\/\/www.cowave.it\/wp-content\/uploads\/2025\/08\/Logo-CoWave-BIANCO-E-AZZURRO-scaled-e1757574351831.png","contentUrl":"https:\/\/www.cowave.it\/wp-content\/uploads\/2025\/08\/Logo-CoWave-BIANCO-E-AZZURRO-scaled-e1757574351831.png","width":2560,"height":866},{"@type":"BreadcrumbList","@id":"https:\/\/www.cowave.it\/index.php\/contatti\/#breadcrumb","itemListElement":[{"@type":"ListItem","position":1,"name":"Home","item":"https:\/\/www.cowave.it\/"},{"@type":"ListItem","position":2,"name":"Contatti"}]},{"@type":"WebSite","@id":"https:\/\/www.cowave.it\/#website","url":"https:\/\/www.cowave.it\/","name":"Cowave Space","description":"space, energy &amp; ideas","publisher":{"@id":"https:\/\/www.cowave.it\/#organization"},"potentialAction":[{"@type":"SearchAction","target":{"@type":"EntryPoint","urlTemplate":"https:\/\/www.cowave.it\/?s={search_term_string}"},"query-input":{"@type":"PropertyValueSpecification","valueRequired":true,"valueName":"search_term_string"}}],"inLanguage":"it-IT"},{"@type":"Organization","@id":"https:\/\/www.cowave.it\/#organization","name":"Cowave Space","url":"https:\/\/www.cowave.it\/","logo":{"@type":"ImageObject","inLanguage":"it-IT","@id":"https:\/\/www.cowave.it\/#\/schema\/logo\/image\/","url":"https:\/\/www.cowave.it\/wp-content\/uploads\/2025\/08\/Logo-CoWave-BIANCO-E-AZZURRO-scaled-e1757574351831.png","contentUrl":"https:\/\/www.cowave.it\/wp-content\/uploads\/2025\/08\/Logo-CoWave-BIANCO-E-AZZURRO-scaled-e1757574351831.png","width":2560,"height":866,"caption":"Cowave Space"},"image":{"@id":"https:\/\/www.cowave.it\/#\/schema\/logo\/image\/"}}]}},"_links":{"self":[{"href":"https:\/\/www.cowave.it\/index.php\/wp-json\/wp\/v2\/pages\/55","targetHints":{"allow":["GET"]}}],"collection":[{"href":"https:\/\/www.cowave.it\/index.php\/wp-json\/wp\/v2\/pages"}],"about":[{"href":"https:\/\/www.cowave.it\/index.php\/wp-json\/wp\/v2\/types\/page"}],"author":[{"embeddable":true,"href":"https:\/\/www.cowave.it\/index.php\/wp-json\/wp\/v2\/users\/3"}],"replies":[{"embeddable":true,"href":"https:\/\/www.cowave.it\/index.php\/wp-json\/wp\/v2\/comments?post=55"}],"version-history":[{"count":32,"href":"https:\/\/www.cowave.it\/index.php\/wp-json\/wp\/v2\/pages\/55\/revisions"}],"predecessor-version":[{"id":1431,"href":"https:\/\/www.cowave.it\/index.php\/wp-json\/wp\/v2\/pages\/55\/revisions\/1431"}],"wp:attachment":[{"href":"https:\/\/www.cowave.it\/index.php\/wp-json\/wp\/v2\/media?parent=55"}],"curies":[{"name":"wp","href":"https:\/\/api.w.org\/{rel}","templated":true}]}}